9 - 35. Let p be 15*(-2)/(-6)*s. What is the units digit of (-8)/p*1*-220?
8
Let v(g) = g + 27. Let h be v(-9). Let n = h - 18. Suppose n = -3*m - 0*m + 114. What is the tens digit of m?
3
Let x = -76 - -65. Let l = x + 119. What is the hundreds digit of l?
1
Suppose -4*t - 2*d = -1558, 0 = -3*d + 6 + 3. Suppose -28*a + 32*a - t = 0. What is the tens digit of a?
9
Let q = -998 - -1478. Let i = -368 + q. What is the tens digit of i?
1
Let t = -14 - -17. Let o be -1 + 3 + (8 - t). Let p(w) = -w**3 + 7*w**2 + 12*w - 14. What is the tens digit of p(o)?
7
Let x(a) = a**3 + 5*a**2 - 46*a + 126. What is the ten thousands digit of x(28)?
2
Suppose -7 - 9 = -2*c - 2*t, -4*c = -3*t - 46. Suppose 0 = -2*d + c, 5*k + 2*d - 1674 - 251 = 0. What is the units digit of k?
3
Suppose -f = -13 - 10. Let z be (1 + 1)*(f - 1). Suppose 2*p + s - 91 = z, p - 64 = 3*s. What is the tens digit of p?
6
Let v(y) = -638*y**2 + y. Let o be v(-1). Let s = -309 - o. What is the hundreds digit of s?
3
Let n(m) = 2*m**3 - 18*m**2 - 4*m + 8. Let c be n(9). Let d = -26 - c. Suppose -168 = -y + 4*x, y + d*x = -0*y + 192. What is the units digit of y?
4
Suppose 5*o + 5*x = 107709 + 30981, -x - 27744 = -o. What is the hundreds digit of o?
7
Suppose -10 = -4*j - 74. Let w be (-8)/16*j - (-1 - -4). Suppose w*n = -2*n + 833. What is the units digit of n?
9
Let y = 966 - 1674. Let z = y + 820. What is the units digit of z?
2
Suppose 0 = 33*j - 95312 - 256. What is the units digit of j?
6
Let g be (-40)/(-520) + (-12)/(-13). Let j(w) = 595*w + 15. What is the hundreds digit of j(g)?
6
Let y = 4545 - -18924. What is the thousands digit of y?
3
Let i be (7/(-28))/(1/(-20)). Suppose i*t = -4*y + 2*t + 49, 0 = 3*y + 3*t - 33. What is the units digit of y?
6
Suppose 5*x + 7692 = 3*d + x, 5*x = 15. Let p be d/360 + (-4)/30. What is the units digit of 144/p - (-8)/(-14)?
0
Let y(s) = 260*s**2 + 272*s + 6. What is the ten thousands digit of y(-8)?
1
Let f(x) = -53*x**2 + 2*x + 27. Let t be f(4). Let m = t - -1254. What is the hundreds digit of m?
4
Suppose -o + 3*o = 0, -2*c - 2*c = -4*o - 36164. What is the thousands digit of c?
9
Suppose 4*h - 58929 = 5*q, h + 7*q = -h + 29417. What is the tens digit of h?
2
Let q(g) = g**3 + 10*g**2 - 10*g + 14. Let b be q(-11). Suppose -b*t + 963 = -834. Let j = t - 325. What is the tens digit of j?
7
Let s be ((-114)/12)/(-1 - 285/(-282)). Let i = 1381 + s. What is the tens digit of i?
8
What is the hundreds digit of 26/(156/53091) - (-1 - 9/(-6))?
8
Let r(w) = -168*w + 1535. What is the units digit of r(0)?
5
Let i = -756 - -1420. Let q(g) = 3*g**3 - i + 673 + 4*g - 5*g**2 - 5*g**3 + 3*g**3. What is the units digit of q(3)?
3
Let k(v) be the third derivative of -89*v**4/24 - 125*v**3/6 - 188*v**2. What is the hundreds digit of k(-8)?
5
Let o be ((-424)/12)/(8/3 + -3). Let k = o + -36. What is the units digit of k?
0
Let q(p) = -612*p + 1840. What is the units digit of q(-20)?
0
Suppose 19*n = -n + 120. What is the units digit of (-8)/n*(-189)/36?
7
Let j = -279 - -294. Suppose 6641 = j*h - 9349. What is the thousands digit of h?
1
Let r(g) = 2*g**2 - 16*g + 16. Let v be r(7). Suppose -2*m + 6 = v. Suppose -m*k = 3*c - 229, 3*k - 3*c - 485 = -k. What is the hundreds digit of k?
1
Let n(q) = -22*q**3 - 4*q**2 - 3*q + 2. Let c be n(-2). Let a = 1125 - c. What is the tens digit of a?
5
Let i = 12779 + -7180. What is the thousands digit of i?
5
Let y(n) = -271*n + 291. What is the tens digit of y(-5)?
4
Let a(m) = -m**3 - 9*m**2 - 3*m + 50. Let y be a(-8). Suppose -14*s - y*s = -10176. What is the hundreds digit of s?
4
Let b be ((-1560)/(-300))/(1/5). Let q(d) = -d**3 + 27*d**2 + 34*d - 55. What is the thousands digit of q(b)?
1
Let g(y) = -65*y + 33. Let b be g(-7). Let u = -250 + b. What is the units digit of u?
8
What is the tens digit of 258799/11 + 74/(-407)?
2
Let j = 584 - 578. Suppose 3740 = j*b - 4828. What is the tens digit of b?
2
Let q(k) be the third derivative of 43*k**6/15 - k**5/30 + k**4/24 - 253*k**2. What is the tens digit of q(1)?
4
Suppose -5*n + 397 = 3*z, -4*n = -7*z + 6*z + 138. Suppose -z - 142 = -6*y. What is the units digit of y?
6
Suppose -23 + 293 = -5*k. Let b = -52 - k. Suppose -b*h + 181 = 15. What is the units digit of h?
3
Let h be (2 - (-7896 + 3))*12/(-30). What is the hundreds digit of h/(-14) - (-2)/((-112)/(-24))?
2
Let y be 24/(-9)*(1 - -2)*-1. Let t be (-1)/((-10)/y - -1). What is the units digit of (t - -5) + (-3)/2*2?
6
Let t(k) = k**3 + 26*k**2 - 18*k - 15. Let p be t(-27). Let m = p - -499. What is the hundreds digit of m?
2
Suppose 2*n - q = 81 + 34, 0 = -4*n - 5*q + 265. Suppose -n*p + 7300 = -50*p. What is the units digit of p?
0
Let t = 2037 - 1925. What is the tens digit of t?
1
Let j(s) = 2*s + 22. Let c(k) = 3*k + 45. Let x(n) = -2*c(n) + 5*j(n). Suppose -132*h = -128*h + 16. What is the units digit of x(h)?
4
Let c(g) = -g**3 + 5*g**2 + g. Let j be c(4). Let r be (-5)/(j/(-12)) - 2. Suppose -v - r = -78. What is the units digit of v?
7
Suppose -8*p + 3*p + 40 = 0. Suppose 2*a - p = -2*f, a - f - 2*f - 8 = 0. Suppose -4*r + 716 = a*k, -r + 2*k + 211 = 19. What is the units digit of r?
4
Suppose 4*w - 5*i = -w - 570, 344 = -3*w + 4*i. Let q be -4*7/w + 494/8. Let s = 105 - q. What is the tens digit of s?
4
Suppose -2*g - 2*g = 360. Let x be (-302)/6 + (-12)/(-9). Let i = x - g. What is the tens digit of i?
4
Let p = 71 - 74. Let h be 5 + (13 - 0) + p. Suppose 0 = -7*s + 755 + h. What is the tens digit of s?
1
Let b be 0/(-14) + 138/((-1)/(-1)). Suppose r = -r + b. What is the units digit of r?
9
Suppose 2*h = 3*h - 9*h + 46600. What is the units digit of h?
5
Suppose -q = -75 - 177. Suppose 5*c + 43*c = -5472. Let n = c + q. What is the units digit of n?
8
Let d(i) = i**3 + 19*i**2 + 33*i - 30. What is the hundreds digit of d(-10)?
5
Let t = -60247 + 103267. What is the units digit of t?
0
What is the thousands digit of 460968/12 + (-32 - -9)?
8
Let o = -53 - -433. Suppose -9*v = -295 - o. What is the units digit of v?
5
Let r = 67 - 65. Suppose 0*h + 2*o = -2*h + r, 0 = o - 1. Suppose 3*w - 19 = y - 79, h = y + 5*w - 20. What is the tens digit of y?
4
Let i(t) = t**3 - 12*t**2 + 21. Let b = -315 + 217. Let k = b - -110. What is the units digit of i(k)?
1
Suppose 16316 + 16914 = 10*q. What is the thousands digit of q?
3
What is the hundreds digit of (7/(49/(-1104)))/(51/(-357))?
1
Let b = -2966 + 8932. What is the thousands digit of b?
5
Let l(f) be the first derivative of -11*f**5/120 + 13*f**4/24 - 16*f**3/3 + 14. Let u(q) be the third derivative of l(q). What is the units digit of u(-7)?
0
Let o(b) = -19*b**2 + 5*b - 5. Let h be o(2). Let m = h - -71. Suppose n - 23 = -5*u, -10 = -u - m*n - 2*n. What is the units digit of u?
4
Let p = 10703 - -6435. What is the tens digit of p?
3
Let b be 62/5 - (-4)/(-30)*3. Suppose -b*y - 264 = -13*y. What is the tens digit of y?
6
Let y = 64945 + -28132. What is the units digit of y?
3
Let m = -5 - -221. What is the units digit of m - (-3 - (1 + 1))?
1
Let v(i) = 137*i**3 + 4*i - 9. Let c be v(2). Suppose -5*j - 3*o + 1089 = 0, 5*j - c = -2*o - 3*o. What is the tens digit of j?
1
Let c = 864 - -1292. What is the units digit of c?
6
Let b(o) be the first derivative of 1/3*o**3 - 39 + 1/2*o**2 + 17*o. What is the units digit of b(-6)?
7
Suppose 30 = 3*l + 2*l - 4*k, 3*k + 13 = -l. Let b = 425 + -427. What is the hundreds digit of b + -2 + l - -106*1?
1
Suppose 0 = -6*z + 8*z + q - 3402, -z + 1700 = q. Suppose z - 2049 = -s. What is the hundreds digit of s?
3
Let a(l) = l**3 + 4*l**2 - 8*l - 11. Let f be a(-5). Suppose 172 = 4*i + f*k - 6*k, i + 3*k - 50 = 0. What is the units digit of i?
4
Let t be (-1 + 0)*(43 + -6)/1. Let m(x) = -24*x + 105. What is the hundreds digit of m(t)?
9
Let b = 19810 - 12033. What is the hundreds digit of b?
7
Let o(c) = -26*c**3 - 3*c**2 - 5*c - 10. Let n be o(-2). Suppose 0 = 4*u - 2*u - 2*l - 94, 0 = 4*u - 2*l - n. What is the units digit of u?
1
Let l = -66 - -60. What is the units digit of l + -29*(6 + -11)?
9
Let r(v) = 386*v**2 + 31*v + 21. What is the ten thousands digit of r(-6)?
1
Let r(y) = -3*y**2 - y - 10. Let t be r(-6). Let s = 119 + t. Let m(i) = 2*i**2 - 4*i - 11. What is the tens digit of m(s)?
5
Let n = 717 + -717. Suppo